{"id":10,"date":"2016-04-23T15:27:25","date_gmt":"2016-04-23T13:27:25","guid":{"rendered":"http:\/\/vonthorn.sarmacja.org\/galeria\/?page_id=10"},"modified":"2022-06-14T14:09:14","modified_gmt":"2022-06-14T12:09:14","slug":"strona-glowna","status":"publish","type":"page","link":"https:\/\/vonthorn.sarmacja.org\/galeria\/","title":{"rendered":"Witajcie w Muzeum Historii Mikro\u015bwiata!\u00a0"},"content":{"rendered":"<p style=\"text-align: justify;\">Jeste\u015bmy pierwsz\u0105 i jedyn\u0105 tego typu inicjatyw\u0105 w Ksi\u0119stwie Sarmacji i ca\u0142ym wirtualnym \u015bwiecie. Dok\u0142adnie 14 lat temu, 25 maja 2008 r., Galeria von Thorn otworzy\u0142a swe podwoje i <strong>multimedialne zbiory<\/strong> dla szerokiej publiczno\u015bci. Niestety&#8230; meandry losu i wyroki czasu bywaj\u0105 zaskakuj\u0105ce i nieub\u0142agane, tak si\u0119 wi\u0119c sta\u0142o, \u017ce zsun\u0119\u0142a si\u0119 ona w otch\u0142a\u0144 zapomnienia i znikn\u0119\u0142a z pado\u0142u naszego.<\/p>\n<p style=\"text-align: justify;\">W 8 lat po pierwszym otwarciu, Galeria von Thorn powr\u00f3ci\u0142a do dzia\u0142ania z okazji 14. rocznicy istnienia Ksi\u0119stwa Sarmacji. W 2022 roku zmieni\u0142a ona swoj\u0105 nazw\u0119 na Muzeum Historii Mikro\u015bwiata, niezwi\u0105zane z rodem von Thorn.<\/p>\n<p style=\"text-align: justify;\"><strong>Je\u015bli w Waszych archiwach znajduj\u0105 si\u0119 materia\u0142y,<\/strong> kt\u00f3re chcieliby\u015bcie w naszej galerii wyeksponowa\u0107 \u2014 skontaktujcie si\u0119 z dyrektorem muzeum, Orjonem Surm\u0105 (ID w Ksi\u0119stwie Sarmacji: AF972).<\/p>\n<p style=\"text-align: justify;\">Zapraszamy do zwiedzania i oczywi\u015bcie do wsp\u00f3\u0142pracy!<\/p>\n","protected":false},"excerpt":{"rendered":"<p>Jeste\u015bmy pierwsz\u0105 i jedyn\u0105 tego typu inicjatyw\u0105 w Ksi\u0119stwie Sarmacji i ca\u0142ym wirtualnym \u015bwiecie. Dok\u0142adnie 14 lat temu, 25 maja 2008 r., Galeria von Thorn otworzy\u0142a swe podwoje i multimedialne zbiory dla szerokiej publiczno\u015bci. Niestety&#8230; meandry losu i wyroki czasu bywaj\u0105 zaskakuj\u0105ce i nieub\u0142agane, tak si\u0119 wi\u0119c sta\u0142o, \u017ce zsun\u0119\u0142a si\u0119 ona w otch\u0142a\u0144 zapomnienia&hellip;&nbsp;<a href=\"https:\/\/vonthorn.sarmacja.org\/galeria\/\" rel=\"bookmark\"><span class=\"screen-reader-text\">Witajcie w Muzeum Historii Mikro\u015bwiata!\u00a0<\/span><\/a><\/p>\n","protected":false},"author":2,"featured_media":0,"parent":0,"menu_order":0,"comment_status":"closed","ping_status":"closed","template":"","meta":{"neve_meta_sidebar":"","neve_meta_container":"","neve_meta_enable_content_width":"","neve_meta_content_width":0,"neve_meta_title_alignment":"","neve_meta_author_avatar":"","neve_post_elements_order":"","neve_meta_disable_header":"","neve_meta_disable_footer":"","neve_meta_disable_title":"","footnotes":""},"class_list":["post-10","page","type-page","status-publish","hentry"],"jetpack_sharing_enabled":true,"jetpack_shortlink":"https:\/\/wp.me\/P7tsy8-a","jetpack-related-posts":[],"_links":{"self":[{"href":"https:\/\/vonthorn.sarmacja.org\/galeria\/wp-json\/wp\/v2\/pages\/10","targetHints":{"allow":["GET"]}}],"collection":[{"href":"https:\/\/vonthorn.sarmacja.org\/galeria\/wp-json\/wp\/v2\/pages"}],"about":[{"href":"https:\/\/vonthorn.sarmacja.org\/galeria\/wp-json\/wp\/v2\/types\/page"}],"author":[{"embeddable":true,"href":"https:\/\/vonthorn.sarmacja.org\/galeria\/wp-json\/wp\/v2\/users\/2"}],"replies":[{"embeddable":true,"href":"https:\/\/vonthorn.sarmacja.org\/galeria\/wp-json\/wp\/v2\/comments?post=10"}],"version-history":[{"count":15,"href":"https:\/\/vonthorn.sarmacja.org\/galeria\/wp-json\/wp\/v2\/pages\/10\/revisions"}],"predecessor-version":[{"id":1119,"href":"https:\/\/vonthorn.sarmacja.org\/galeria\/wp-json\/wp\/v2\/pages\/10\/revisions\/1119"}],"wp:attachment":[{"href":"https:\/\/vonthorn.sarmacja.org\/galeria\/wp-json\/wp\/v2\/media?parent=10"}],"curies":[{"name":"wp","href":"https:\/\/api.w.org\/{rel}","templated":true}]}}

Witajcie w Muzeum Historii Mikroświata!

<p style="text-align: justify;">Jesteśmy pierwszą i jedyną tego typu inicjatywą w Księstwie Sarmacji i całym wirtualnym świecie. Dokładnie 14 lat temu, 25 maja 2008 r., Galeria von Thorn otworzyła swe podwoje i <strong>multimedialne zbiory</strong> dla szerokiej publiczności. Niestety&#8230; meandry losu i wyroki czasu bywają zaskakujące i nieubłagane, tak się więc stało, że zsunęła się ona w otchłań zapomnienia i zniknęła z padołu naszego.</p>
<p style="text-align: justify;">W 8 lat po pierwszym otwarciu, Galeria von Thorn powróciła do działania z okazji 14. rocznicy istnienia Księstwa Sarmacji. W 2022 roku zmieniła ona swoją nazwę na Muzeum Historii Mikroświata, niezwiązane z rodem von Thorn.</p>
<p style="text-align: justify;"><strong>Jeśli w Waszych archiwach znajdują się materiały,</strong> które chcielibyście w naszej galerii wyeksponować — skontaktujcie się z dyrektorem muzeum, Orjonem Surmą (ID w Księstwie Sarmacji: AF972).</p>
<p style="text-align: justify;">Zapraszamy do zwiedzania i oczywiście do współpracy!</p>

<p>Jesteśmy pierwszą i jedyną tego typu inicjatywą w Księstwie Sarmacji i całym wirtualnym świecie. Dokładnie 14 lat temu, 25 maja 2008 r., Galeria von Thorn otworzyła swe podwoje i multimedialne zbiory dla szerokiej publiczności. Niestety&#8230; meandry losu i wyroki czasu bywają zaskakujące i nieubłagane, tak się więc stało, że zsunęła się ona w otchłań zapomnienia&hellip;&nbsp;<a href="https://vonthorn.sarmacja.org/galeria/" rel="bookmark"><span class="screen-reader-text">Witajcie w Muzeum Historii Mikroświata! </span></a></p>
